when 17 is divided by t?
8
Suppose 5*i - 2 = h, -117 = -4*h - 9*i + 4*i. What is the remainder when (-9)/(-6)*29 - (-1)/2 is divided by h?
21
Let x be (-51)/(-34) + 3/2. Suppose 3*a - 5*a = 0. Suppose 52 = x*m + 4*f, a = -0*m - 4*m + f + 44. What is the remainder when 34 is divided by m?
10
Suppose -2*i + 6*i - 32 = 0. Let a(y) = y**3 - 8*y**2 + y - 2. Calculate the remainder when 21 + (-1 - 2) + 3 is divided by a(i).
3
Suppose 32 = -8*i + 368. Suppose 10 = -4*r + i. Calculate the remainder when 15 is divided by r.
7
Let q(x) = x**2 - 2*x - 7. What is the remainder when q(-3) is divided by 5?
3
Suppose -k + 4*i + 19 = 0, 4*k - 1 = 5*i + 53. Suppose -2*z - 86 = -l - l, 121 = 3*l + z. Calculate the remainder when l is divided by k.
8
Let h = 15 + -10. Suppose 0 = m + 2, 5*r + 3*m - 107 = -m. Calculate the remainder when r is divided by h.
3
Suppose -113 = s - 32. Let p = -45 - s. What is the remainder when p is divided by 19?
17
Let i be (-1 - -62)/(1/6). Calculate the remainder when (-2)/6 - i/(-18) is divided by -1*14/(-4)*2.
6
Suppose -c - 2*o + 21 = 0, 5*c + o - 60 = 9. Let h = -86 - -90. Suppose -c - h = -v. What is the remainder when 67 is divided by v?
16
Let f(m) = -m**3 - 14*m**2 - 13*m + 7. Let v be f(-13). Let a = v - -12. Calculate the remainder when a is divided by 11.
8
Suppose d - 24 = -d. Suppose 12 = -t + 58. What is the remainder when t is divided by d?
10
Suppose -93 = -2*u + 5*z - 33, 4*u - 132 = 4*z. Let k(a) = 3*a - 6. Calculate the remainder when u is divided by k(5).
8
Let p be (-3 + 0 - -4) + 2. Suppose 2*x = -4*r - 10, 0 = 5*r - p + 28. Calculate the remainder when 8 is divided by x.
3
Suppose 3*y + 0*y = -3*p + 285, -5*y + 507 = -3*p. Let o(z) = z**3 - 16*z**2 + 16*z + 19. What is the remainder when y is divided by o(15)?
31
Let l(m) = -m**2 - 3 + 2 + 26*m**3 - m**2 - 2*m**3 - 2*m. Let a be l(-1). What is the remainder when a*(-3)/(15/2) is divided by 6?
4
Let z = -5 - -5. Let h be 1*z*2/2. Suppose j - 5 = 5*k - 20, 3*j = h. Calculate the remainder when 8 is divided by k.
2
Let g = 26 - 15. Suppose c = y - 98, 0 = -3*y + 2*c - 154 + 443. Suppose -h + 4*h - y = 0. Calculate the remainder when h is divided by g.
9
Suppose 81 = 2*j + v, 52 = 3*j - v - 72. Calculate the remainder when j is divided by 14.
13
Let c be (0 - -1)/((-1)/5). What is the remainder when ((-34)/6)/((-1)/6) is divided by 4 + c - (-19 + 0)?
16
What is the remainder when (23/4)/(5 - 156/32) is divided by 12?
10
Let c be (-1)/(((-3)/(-9))/(-1)). Suppose -5*y + 4*k - 2*k + 78 = 0, 16 = 2*y + c*k. What is the remainder when 26 is divided by y?
12
Suppose -3*r + 12 = -f, 4*f - 27 = -r - 2*r. Suppose -3 - 2 = -w - 3*v, -3*w = -v - r. Suppose w*o = 5*o - 75. Calculate the remainder when o is divided by 9.
7
Let j(z) = -z**3 - 6*z**2 + z - 10. Let c be j(-7). What is the remainder when 2 + c - (0 - -1) is divided by 18?
15
Let z(v) = -v + 6. Let x(t) = 3*t - 11. Let q(h) = -2*x(h) - 5*z(h). Let g be q(-7). What is the remainder when g - (2 - 2 - 19) is divided by 10?
8
Let o(b) = -b**3 - b**2 + 5*b - 3. Calculate the remainder when o(-4) is divided by 10.
5
Let g(x) = x**3 + 3*x**2 + 1. Let l be g(-3). Calculate the remainder when 45 is divided by (-1 - l)*(-4 + -2).
9
Let p = -22 + 37. Calculate the remainder when 102 is divided by p.
12
Suppose -4*n + 104 = -4*o, 2*o - 4 - 2 = 0. Let h = n + -6. Let u = h + -12. What is the remainder when 20 is divided by u?
9
Suppose 5*f = 3*w + 175, -4*f = -f - 4*w - 105. Let h(y) = 9*y**2. Calculate the remainder when f is divided by h(-1).
8
Let k = -149 - -169. Calculate the remainder when k is divided by 8.
4
Let a = 24 - 16. Calculate the remainder when 15 is divided by a.
7
Let o be (-1 - 28/2) + -2. Let b = o + 27. Calculate the remainder when b is divided by 4.
2
Let k(i) = -i + 7. Let f be k(3). Let c be ((-1)/4)/((-1)/f). Suppose -2*a = -3 - c. Calculate the remainder when 4 is divided by a.
0
Let v(y) = 12*y**3 + 2*y + 4. Let k be v(3). Let h(n) = -n**2 - 7*n. What is the remainder when k/10 + (-6)/(-10) is divided by h(-3)?
10
Suppose 4*c - 117 = -105. Suppose 18 = y - 6*d + d, -15 = -2*y + 3*d. Calculate the remainder when c is divided by y.
0
Let a = -7 - -26. Suppose 0 = -2*m - 0*m + 56. Let y = m - a. What is the remainder when 17 is divided by y?
8
Let v be (15/6)/(2/4). Suppose v*k - 2*n - 26 - 60 = 0, 4*k + 2*n - 58 = 0. Calculate the remainder when k is divided by 6.
4
Let t(n) = 3*n**2 - 3*n + 5. Let l(b) = 2*b**2 - 2*b + 4. Let m(f) = -4*l(f) + 3*t(f). What is the remainder when m(-4) is divided by 10?
9
Suppose k = r - 28, 152 = -4*k - 7*r + 3*r. What is the remainder when 20 is divided by 6/k - 79/(-11)?
6
Suppose i + 3*i - q - 15 = 0, -5*i + 35 = 2*q. Let t(n) = -8*n**3 + 2*n**2 + 3*n + 2. What is the remainder when t(-1) is divided by i?
4
Suppose 2*f + 5*d - 62 - 44 = 0, -126 = -2*f + 5*d. Calculate the remainder when 229 is divided by f.
55
Suppose -3*b + 25 = 2*b. Let n = b - -8. Calculate the remainder when 38 is divided by n.
12
Suppose -v + 3*v = 8. Suppose 3*j - v = 11. What is the remainder when ((-2)/(-6))/((-2)/(-102)) is divided by j?
2
Let w(p) = -p - 3. Let q be w(-5). Suppose -337 = -3*h - 118. Suppose q*d - h + 5 = 0. Calculate the remainder when d is divided by 12.
10
Let h(r) = r**3 - 11*r**2 + 3*r + 2. Calculate the remainder when h(11) is divided by (38/(-4 - -6))/1.
16
Let b(h) = h**2 - 26*h + 40. What is the remainder when 58 is divided by b(25)?
13
Let w be (-680)/(-24) + 4/6. Suppose -4*o = -y + w, -3*y - 4*o + o + 42 = 0. Calculate the remainder when y is divided by 3.
2
Let g be (-4)/8 + 19/(-2). Let m = -4 - g. What is the remainder when 4/10 - (-53)/5 is divided by m?
5
Let u be (3/(-6))/((-3)/18). Let f be 3 + (u - 1)/1. Suppose 2*b + 50 = 7*b - f*x, 2*x = -b + 4. Calculate the remainder when 14 is divided by b.
6
Suppose 2*j = -2 + 28. What is the remainder when j is divided by 3?
1
Suppose 0*b - b = -c - 29, 0 = 3*b - 5*c - 79. Calculate the remainder when b is divided by 18.
15
Let k = 33 + -20. Calculate the remainder when 50 is divided by k.
11
Suppose r - 19 = 2*r - l, 4*r = 2*l - 74. Let x be (6/r)/((-1)/(-21)). Let u = x - -12. What is the remainder when 18 is divided by u?
3
Suppose c = 8 - 3. Let b(r) = r**3 - 4*r**2 - 3*r - 1. What is the remainder when b(c) is divided by 3?
0
Suppose 75 = -2*q + 7*q. What is the remainder when 27 is divided by q?
12
Let z(d) = -d**3 - 5*d**2 + 6*d. Let h be z(-6). Suppose 0*m - 2*f + 55 = 3*m, h = 5*f + 5. Calculate the remainder when 37 is divided by m.
18
Let h(g) = -g**2 + 9*g + 15. What is the remainder when 22 is divided by h(10)?
2
Let o be 1/8 + (-62)/(-16). Suppose 0 = o*d - 4*b + b - 108, 3*d + 5*b - 81 = 0. What is the remainder when d is divided by 10?
7
Let j(p) = -p**2 + 11*p + 7. Calculate the remainder when ((-88)/6 - -1)*-6 is divided by j(10).
14
Let t(a) = -a**2 - 12*a - 19. Calculate the remainder when t(-8) is divided by 7.
6
Suppose -2*j - 2*w + 5 = 3, -5*w = 4*j - 2. Calculate the remainder when 2/3 + 49/j is divided by 9.
8
Calculate the remainder when 22 is divided by (-1)/((-47)/(-12) - 4).
10
Let m(a) = 4*a - 7. What is the remainder when 8 is divided by m(3)?
3
Let i(a) = 5*a - 11. Let h(x) = x**3 + 8*x**2 - 13*x - 9. What is the remainder when h(-9) is divided by i(5)?
13
Let m = 55 + -50. Let j(t) = -t**3 + 2*t**2 - 2. What is the remainder when j(-2) is divided by m?
4
Suppose -15 = -3*d + 5*a + 41, -2*a = -5*d + 68. Calculate the remainder when 45 is divided by d.
9
Let c be 1*(-2)/((-3)/(-3)). Calculate the remainder when ((c - -2) + -1)*-3 is divided by 3.
0
Let q(g) = -g. Let n(t) = t**2 + 7*t - 5. Let l(z) = -z**2 - 7*z + 6. Let w(o) = -3*l(o) - 4*n(o). Calculate the remainder when q(-2) is divided by w(-7).
0
Let d = 25 - 10. Let f = 0 - -4. Suppose -f*t = 3*b - 20, -d = 4*t - 7*t + 5*b. What is the remainder when t is divided by 2?
1
Let r be 2 + -4 - (1 - 9). Suppose 0 = -v + 3*v - 100. What is the remainder when v is divided by 147/9 + 4/r?
16
Suppose 0 = m + 5*h - 86, h - 5*h - 272 = -4*m. Let l = 44 - 20. Calculate the remainder when m is divided by l.
23
Suppose 35 = 3*p - 1. What is the remainder when 68 is divided by p?
8
Suppose -4*h + 208 = -124. What is the remainder when 